11914?
9
What is the hundreds digit of 82357864?
8
What is the millions digit of 80231329?
0
What is the hundreds digit of 56518530?
5
What is the hundred thousands digit of 914265245?
2
What is the millions digit of 788857523?
8
What is the millions digit of 276009934?
6
What is the thousands digit of 45940758?
0
What is the ten millions digit of 47380628?
4
What is the hundreds digit of 3911995402?
4
What is the ten millions digit of 35198800?
3
What is the hundreds digit of 46241272?
2
What is the millions digit of 154197029?
4
What is the hundreds digit of 1747502755?
7
What is the ten thousands digit of 670884432?
8
What is the hundreds digit of 241973467?
4
What is the hundred millions digit of 1683335584?
6
What is the millions digit of 15408458?
5
What is the billions digit of 1459438506?
1
What is the ten thousands digit of 5169296?
6
What is the ten thousands digit of 51033282?
3
What is the units digit of 18005264?
4
What is the hundred millions digit of 1088865336?
0
What is the hundreds digit of 12668426?
4
What is the millions digit of 616797838?
6
What is the units digit of 3208532786?
6
What is the thousands digit of 99057735?
7
What is the ten thousands digit of 947757425?
5
What is the billions digit of 2618402604?
2
What is the ten thousands digit of 6852094?
5
What is the ten millions digit of 390775277?
9
What is the units digit of 383748340?
0
What is the ten thousands digit of 1464461223?
6
What is the units digit of 1037469090?
0
What is the thousands digit of 99942721?
2
What is the ten thousands digit of 281977575?
7
What is the ten thousands digit of 16802929?
0
What is the hundreds digit of 43275997?
9
What is the hundred thousands digit of 96007030?
0
What is the hundred millions digit of 219612355?
2
What is the hundred thousands digit of 1335666446?
6
What is the millions digit of 3576991206?
6
What is the ten millions digit of 1223348138?
2
What is the hundreds digit of 153263308?
3
What is the ten thousands digit of 28512405?
1
What is the hundreds digit of 585594128?
1
What is the units digit of 380364897?
7
What is the billions digit of 3905124137?
3
What is the hundred thousands digit of 312197313?
1
What is the ten thousands digit of 102827650?
2
What is the hundreds digit of 6411734?
7
What is the tens digit of 17546878?
7
What is the ten millions digit of 3535539354?
3
What is the ten thousands digit of 131510047?
1
What is the tens digit of 496984973?
7
What is the units digit of 987006578?
8
What is the hundreds digit of 968369750?
7
What is the thousands digit of 44810105?
0
What is the hundred thousands digit of 5734158159?
1
What is the ten thousands digit of 26423416?
2
What is the ten thousands digit of 21626977?
2
What is the ten thousands digit of 9434346?
3
What is the hundred thousands digit of 2546736953?
7
What is the ten millions digit of 283674418?
8
What is the millions digit of 807288173?
7
What is the millions digit of 9609302?
9
What is the millions digit of 324902594?
4
What is the hundred thousands digit of 75414145?
4
What is the millions digit of 646339472?
6
What is the hundred thousands digit of 144367503?
3
What is the tens digit of 31285456?
5
What is the hundreds digit of 1063059653?
6
What is the millions digit of 187279192?
7
What is the thousands digit of 3757772688?
2
What is the thousands digit of 57382598?
2
What is the tens digit of 145469188?
8
What is the thousands digit of 55292630?
2
What is the millions digit of 3316068694?
6
What is the units digit of 201106547?
7
What is the ten thousands digit of 1981486007?
8
What is the millions digit of 4447358975?
7
What is the ten millions digit of 41351691?
4
What is the hundred millions digit of 551016833?
5
What is the ten millions digit of 22709305?
2
What is the tens digit of 46122672?
7
What is the ten millions digit of 1034960273?
3
What is the hundred millions digit of 1379807166?
3
What is the millions digit of 417120190?
7
What is the millions digit of 502592851?
2
What is the millions digit of 955600096?
5
What is the thousands digit of 1958846300?
6
What is the ten millions digit of 16719364?
1
What is the hundreds digit of 102482104?
1
What is the millions digit of 2216961134?
6
What is the ten millions digit of 874659782?
7
What is the ten thousands digit of 4997127933?
2
What is the hundred millions digit of 638613887?
6
What is the hundred millions digit of 612740520?
6
What is the ten thousands digit of 4931109684?
0
What is the ten millions digit of 786682737?
8
What is the billions digit of 2351940822?
2
What is the hundred thousands digit of 15606338?
6
What is the ten millions digit of 24793582?
2
What is the tens digit of 27407593?
9
What is the ten thousands digit of 185903096?
0
What is the units digit of 1987773253?
3
What is the hundreds digit of 333131633?
6
What is the tens digit of 4099482?
8
What is the ten thousands digit of 65007642?
0
What is the millions digit of 237207284?
7
What is the ten thousands digit of 4293813?
9
What is the ten millions digit of 4350970948?
5
What is the ten thousands digit of 11709558?
0
What is the hundred thousands digit of 1022995018?
9
What is the ten millions digit of 1400165081?
0
What is the millions digit of 785029234?
5
What is the ten thousands digit of 28848162?
4
What is the ten thousands digit of 1320913577?
1
What is the thousands digit of 66209569?
9
What is the hundred thousands digit of 257939532?
9
What is the thousands digit of 360139825?
9
What is the ten thousands digit of 193877224?
7
What is the thousands digit of 1227915464?
5
What is the millions digit of 152170824?
2
What is the ten thousands digit of 1209777313?
7
What is the ten thousands digit of 49448167?
4
What is the ten millions digit of 86330573?
8
What is the ten millions digit of 1080401415?
8
What is the ten millions digit of 45536876?
4
What is the hundreds digit of 1889497091?
0
What is the hundreds digit of 606637778?
7
What is the hundred thousands digit of 1360031832?
0
What is the ten millions digit of 73457623?
7
What is the hundreds digit of 89794256?
2
What is the hundred thousands digit of 49272194?
2
What is the hundred thousands digit of 50424312?
4
What is the ten thousands digit of 59857936?
5
What is the millions digit of 532226640?
2
What is the hundred thousands digit of 916385206?
3
What is the hundreds digit of 104719083?
0
What is the hundreds digit of 202033393?
3
What is the units digit of 1984926776?
6
What is the units digit of 327790286?
6
What is the ten millions digit of 1561632905?
6
What is the tens digit of 381700988?
8
What is the ten millions digit of 71288729?
7
What is the ten thousands digit of 155741462?
4
What is the tens digit of 3016747187?
8
What is the ten thousands digit of 991503512?
0
What is the hundred millions digit of 391964269?
3
What is the millions digit of 46235371?
6
What is the millions digit of 6174182477?
4
What is the millions digit of 7748639768?
8
What is the hundreds digit of 57048795?
7
What is the units digit of 173181665?
5
What is the tens digit of 572901180?
8
What is the hundred thousands digit of 686607795?
6
What is the ten millions digit of 591937678?
9
What is the tens digit of 94458451?
5
What is the ten thousands digit of 9556232?
5
What is the ten thousands digit of 42341083?
4
What is the hundreds digit of 2119255700?
7
What is the thousands digit of 57623029?
3
What is the hundred millions digit of 759486259?
7
What is the hundreds digit of 1986089171?
1
What is the thousands digit of 965613024?
3
What is the thousands digit of 5589827478?
7
What is the tens digit of 46261324?
2
What is the hundred thousands digit of 151345427?
3
What is the thousands digit of 217455577?
5
What is the tens digit of 99426?
2
What is the millions digit of 56811460?
6
What is the billions digit of 1429005355?
1
What is the hundred thousands digit of 178547155?
5
What is the hundred thousands digit of 229794229?
7
What is the ten thousands digit of 98866130?
6
What is the tens digit of 340884424?
2
What is the ten thousands digit of 8550110710?
1
What is the hundred millions digit of 4624117462?
6
What is the hundred millions digit of 995387317?
9
What is the thousands digit of 398891929?
1
What is the billions digit of 